{"id":7950,"date":"2026-04-23T16:55:49","date_gmt":"2026-04-23T23:55:49","guid":{"rendered":"https:\/\/www.esfrn.org\/?post_type=tribe_events&#038;p=7950"},"modified":"2026-04-23T16:55:49","modified_gmt":"2026-04-23T23:55:49","slug":"scdd-mes-de-concientizacion-sobre-la-salud-mental","status":"publish","type":"tribe_events","link":"https:\/\/www.esfrn.org\/es\/event\/scdd-mes-de-concientizacion-sobre-la-salud-mental\/","title":{"rendered":"SCDD &#8211; Mes de Concientizaci\u00f3n sobre la Salud Mental"},"content":{"rendered":"<p>Salud mental y discapacidades intelectuales y del desarrollo (IDD) concurrentes: una gu\u00eda para familias para acceder a servicios Muchos ni\u00f1os, adolescentes y adultos con discapacidades intelectuales o del desarrollo (IDD) tambi\u00e9n presentan condiciones de salud mental como ansiedad, depresi\u00f3n, TDAH, trauma o trastornos del estado de \u00e1nimo. Estas necesidades concurrentes son comunes, reales y tratables, pero pueden manifestarse de manera diferente en las personas con IDD. Esta presentaci\u00f3n est\u00e1 dise\u00f1ada para crear conciencia y ayudar a las familias a comprender mejor c\u00f3mo pueden presentarse estas necesidades de salud mental concurrentes. Hablaremos sobre las condiciones concurrentes m\u00e1s comunes, los recursos disponibles, d\u00f3nde pueden comenzar las familias a buscar apoyo y c\u00f3mo entender mejor los servicios de crisis.<\/p>\n","protected":false},"excerpt":{"rendered":"<p>Salud mental y discapacidades intelectuales y del desarrollo (IDD) concurrentes: una gu\u00eda para familias para acceder a servicios Muchos ni\u00f1os, adolescentes y adultos con discapacidades&#8230;<\/p>\n<div class=\"more-link-wrapper\"><a class=\"more-link\" href=\"https:\/\/www.esfrn.org\/es\/event\/scdd-mes-de-concientizacion-sobre-la-salud-mental\/\">Lee mas<span class=\"screen-reader-text\">SCDD &#8211; Mes de Concientizaci\u00f3n sobre la Salud Mental<\/span><\/a><\/div>\n","protected":false},"author":10,"featured_media":0,"template":"","meta":{"_lmt_disableupdate":"","_lmt_disable":"","_tribe_events_status":"","_tribe_events_status_reason":"","_tribe_events_is_hybrid":"","_tribe_events_is_virtual":"","_tribe_events_virtual_video_source":"","_tribe_events_virtual_embed_video":"","_tribe_events_virtual_linked_button_text":"","_tribe_events_virtual_linked_button":"","_tribe_events_virtual_show_embed_at":"","_tribe_events_virtual_show_embed_to":[],"_tribe_events_virtual_show_on_event":"","_tribe_events_virtual_show_on_views":"","_tribe_events_virtual_url":"","footnotes":""},"tags":[],"tribe_events_cat":[],"class_list":["post-7950","tribe_events","type-tribe_events","status-publish","hentry","entry"],"_links":{"self":[{"href":"https:\/\/www.esfrn.org\/es\/wp-json\/wp\/v2\/tribe_events\/7950","targetHints":{"allow":["GET"]}}],"collection":[{"href":"https:\/\/www.esfrn.org\/es\/wp-json\/wp\/v2\/tribe_events"}],"about":[{"href":"https:\/\/www.esfrn.org\/es\/wp-json\/wp\/v2\/types\/tribe_events"}],"author":[{"embeddable":true,"href":"https:\/\/www.esfrn.org\/es\/wp-json\/wp\/v2\/users\/10"}],"version-history":[{"count":1,"href":"https:\/\/www.esfrn.org\/es\/wp-json\/wp\/v2\/tribe_events\/7950\/revisions"}],"predecessor-version":[{"id":7951,"href":"https:\/\/www.esfrn.org\/es\/wp-json\/wp\/v2\/tribe_events\/7950\/revisions\/7951"}],"wp:attachment":[{"href":"https:\/\/www.esfrn.org\/es\/wp-json\/wp\/v2\/media?parent=7950"}],"wp:term":[{"taxonomy":"post_tag","embeddable":true,"href":"https:\/\/www.esfrn.org\/es\/wp-json\/wp\/v2\/tags?post=7950"},{"taxonomy":"tribe_events_cat","embeddable":true,"href":"https:\/\/www.esfrn.org\/es\/wp-json\/wp\/v2\/tribe_events_cat?post=7950"}],"curies":[{"name":"wp","href":"https:\/\/api.w.org\/{rel}","templated":true}]}}

SCDD &#8211; Mes de Concientización sobre la Salud Mental

<p>Salud mental y discapacidades intelectuales y del desarrollo (IDD) concurrentes: una guía para familias para acceder a servicios Muchos niños, adolescentes y adultos con discapacidades intelectuales o del desarrollo (IDD) también presentan condiciones de salud mental como ansiedad, depresión, TDAH, trauma o trastornos del estado de ánimo. Estas necesidades concurrentes son comunes, reales y tratables, pero pueden manifestarse de manera diferente en las personas con IDD. Esta presentación está diseñada para crear conciencia y ayudar a las familias a comprender mejor cómo pueden presentarse estas necesidades de salud mental concurrentes. Hablaremos sobre las condiciones concurrentes más comunes, los recursos disponibles, dónde pueden comenzar las familias a buscar apoyo y cómo entender mejor los servicios de crisis.</p>

<p>Salud mental y discapacidades intelectuales y del desarrollo (IDD) concurrentes: una guía para familias para acceder a servicios Muchos niños, adolescentes y adultos con discapacidades&#8230;</p>
<div class="more-link-wrapper"><a class="more-link" href="https://www.esfrn.org/es/event/scdd-mes-de-concientizacion-sobre-la-salud-mental/">Lee mas<span class="screen-reader-text">SCDD &#8211; Mes de Concientización sobre la Salud Mental</span></a></div>
