{"id":7984,"date":"2026-04-29T09:17:20","date_gmt":"2026-04-29T16:17:20","guid":{"rendered":"https:\/\/www.esfrn.org\/?post_type=tribe_events&#038;p=7984"},"modified":"2026-04-29T09:17:20","modified_gmt":"2026-04-29T16:17:20","slug":"fiesta-de-primavera-del-irc-2026","status":"publish","type":"tribe_events","link":"https:\/\/www.esfrn.org\/es\/event\/fiesta-de-primavera-del-irc-2026\/","title":{"rendered":"Fiesta de Primavera del IRC 2026"},"content":{"rendered":"<p>La\u00a0<strong>Fiesta de primavera del IRC 2026<\/strong>\u00a0est\u00e1 abierta a los clientes del IRC y a sus padres, tutores legales o cuidadores seg\u00fan el orden de inscripci\u00f3n. Tenga en cuenta los siguientes detalles importantes:<\/p>\n<ul>\n<li><strong>Inscripci\u00f3n:<\/strong>\u00a0Todos los participantes deben inscribirse.\u00a0<strong>Se requiere una inscripci\u00f3n individual por cada persona.<\/strong><\/li>\n<li><strong>Stands de recursos:<\/strong>\u00a0Invitamos a todos los participantes a visitar cada stand para obtener m\u00e1s informaci\u00f3n sobre los recursos disponibles en su zona. Cada invitado recibir\u00e1 un pasaporte de recursos, que podr\u00e1 utilizar para recoger sellos. Aquellos que recojan todos los sellos para completar su pasaporte\u00a0<strong>tendr\u00e1n la oportunidad de participar en un sorteo para ganar tarjetas de regalo y otros premios.<\/strong><\/li>\n<\/ul>\n<p><strong>Hora del evento:<\/strong><\/p>\n<ul>\n<li><strong>El registro de invitados comienza a las 9:45 AM.<\/strong><\/li>\n<li><strong>El evento se abre al p\u00fablico a las 10:00 AM.<\/strong><\/li>\n<\/ul>\n<p>Nuestro objetivo es que el evento de este a\u00f1o sea memorable con su ayuda.<\/p>\n","protected":false},"excerpt":{"rendered":"<p>La\u00a0Fiesta de primavera del IRC 2026\u00a0est\u00e1 abierta a los clientes del IRC y a sus padres, tutores legales o cuidadores seg\u00fan el orden de inscripci\u00f3n.&#8230;<\/p>\n<div class=\"more-link-wrapper\"><a class=\"more-link\" href=\"https:\/\/www.esfrn.org\/es\/event\/fiesta-de-primavera-del-irc-2026\/\">Lee mas<span class=\"screen-reader-text\">Fiesta de Primavera del IRC 2026<\/span><\/a><\/div>\n","protected":false},"author":10,"featured_media":0,"template":"","meta":{"_lmt_disableupdate":"","_lmt_disable":"","_tribe_events_status":"","_tribe_events_status_reason":"","_tribe_events_is_hybrid":"","_tribe_events_is_virtual":"","_tribe_events_virtual_video_source":"","_tribe_events_virtual_embed_video":"","_tribe_events_virtual_linked_button_text":"","_tribe_events_virtual_linked_button":"","_tribe_events_virtual_show_embed_at":"","_tribe_events_virtual_show_embed_to":[],"_tribe_events_virtual_show_on_event":"","_tribe_events_virtual_show_on_views":"","_tribe_events_virtual_url":"","footnotes":""},"tags":[],"tribe_events_cat":[],"class_list":["post-7984","tribe_events","type-tribe_events","status-publish","hentry","entry"],"_links":{"self":[{"href":"https:\/\/www.esfrn.org\/es\/wp-json\/wp\/v2\/tribe_events\/7984","targetHints":{"allow":["GET"]}}],"collection":[{"href":"https:\/\/www.esfrn.org\/es\/wp-json\/wp\/v2\/tribe_events"}],"about":[{"href":"https:\/\/www.esfrn.org\/es\/wp-json\/wp\/v2\/types\/tribe_events"}],"author":[{"embeddable":true,"href":"https:\/\/www.esfrn.org\/es\/wp-json\/wp\/v2\/users\/10"}],"version-history":[{"count":1,"href":"https:\/\/www.esfrn.org\/es\/wp-json\/wp\/v2\/tribe_events\/7984\/revisions"}],"predecessor-version":[{"id":7985,"href":"https:\/\/www.esfrn.org\/es\/wp-json\/wp\/v2\/tribe_events\/7984\/revisions\/7985"}],"wp:attachment":[{"href":"https:\/\/www.esfrn.org\/es\/wp-json\/wp\/v2\/media?parent=7984"}],"wp:term":[{"taxonomy":"post_tag","embeddable":true,"href":"https:\/\/www.esfrn.org\/es\/wp-json\/wp\/v2\/tags?post=7984"},{"taxonomy":"tribe_events_cat","embeddable":true,"href":"https:\/\/www.esfrn.org\/es\/wp-json\/wp\/v2\/tribe_events_cat?post=7984"}],"curies":[{"name":"wp","href":"https:\/\/api.w.org\/{rel}","templated":true}]}}

<p>La <strong>Fiesta de primavera del IRC 2026</strong> está abierta a los clientes del IRC y a sus padres, tutores legales o cuidadores según el orden de inscripción. Tenga en cuenta los siguientes detalles importantes:</p>
<ul>
<li><strong>Inscripción:</strong> Todos los participantes deben inscribirse. <strong>Se requiere una inscripción individual por cada persona.</strong></li>
<li><strong>Stands de recursos:</strong> Invitamos a todos los participantes a visitar cada stand para obtener más información sobre los recursos disponibles en su zona. Cada invitado recibirá un pasaporte de recursos, que podrá utilizar para recoger sellos. Aquellos que recojan todos los sellos para completar su pasaporte <strong>tendrán la oportunidad de participar en un sorteo para ganar tarjetas de regalo y otros premios.</strong></li>
</ul>
<p><strong>Hora del evento:</strong></p>
<ul>
<li><strong>El registro de invitados comienza a las 9:45 AM.</strong></li>
<li><strong>El evento se abre al público a las 10:00 AM.</strong></li>
</ul>
<p>Nuestro objetivo es que el evento de este año sea memorable con su ayuda.</p>

<p>La Fiesta de primavera del IRC 2026 está abierta a los clientes del IRC y a sus padres, tutores legales o cuidadores según el orden de inscripción.&#8230;</p>
<div class="more-link-wrapper"><a class="more-link" href="https://www.esfrn.org/es/event/fiesta-de-primavera-del-irc-2026/">Lee mas<span class="screen-reader-text">Fiesta de Primavera del IRC 2026</span></a></div>
